{"id":1937,"date":"2016-11-29T17:08:31","date_gmt":"2016-11-29T16:08:31","guid":{"rendered":"http:\/\/www.cantarini-mec.it\/divisione-edilizia\/informativa-sui-cookies-2\/"},"modified":"2016-11-29T17:09:18","modified_gmt":"2016-11-29T16:09:18","slug":"informativa-sui-cookies","status":"publish","type":"page","link":"https:\/\/www.cantarini-mec.it\/divisione-edilizia\/en\/informativa-sui-cookies\/","title":{"rendered":"Cookie Information"},"content":{"rendered":"<p><strong>Che cosa \u00e8 un cookie?<\/strong><br \/>\nChe cosa \u00e8 un cookie? Un cookie \u00e8 un piccolo file di testo che viene memorizzato dal computer nel momento in cui un sito web viene visitato da un utente. Il testo memorizza informazioni che il sito \u00e8 in grado di leggere nel momento in cui viene consultato in un secondo momento. Alcuni di questi cookies sono necessari al corretto funzionamento del sito, altri sono invece utili al visitatore perch\u00e9 in grado di memorizzare in modo sicuro ad esempio il nome utente o le impostazioni di lingua. Il vantaggio di avere dei cookies installati nel proprio pc \u00e8 quello di non aver pi\u00f9 bisogno di compilare le stesse informazioni ogni qualvolta si voglia accedere ad un sito visitato in precedenza.<\/p>\n<p><strong>Perch\u00e8 cantarini-mec utilizza i cookies?<\/strong><br \/>\ncantarini-mec utilizza i cookies al fine di fornire ai propri clienti un\u2019esperienza di navigazione secondo le sue preferenze. Tramite i cookies cantarini-mec\u00a0fa in modo che ad ogni visita sul sito non si debbano ricevere o inserire le stesse informazioni. I cookies vengono utilizzati anche al fine di ottimizzare le prestazioni del sito web: essi infatti rendono pi\u00f9 facile sia il procedimento finale di acquisto che la ricerca veloce di elementi e prodotti specifici all&#8217;interno del sito. Al fine di proteggere i propri dati personali da possibili perdite e da qualsiasi forma di trattamento illecito cantarini-mec ha preso opportune misure tecniche ed organizzative.\u2028Per ulteriori informazioni si prega di consultare la nostra Informativa sulla Privacy.<\/p>\n<p><strong>Come posso disattivare i cookies?<\/strong><br \/>\n\u00c8 possibile modificare il browser per disattivare i cookies tramite una procedura molto semplice. Attenzione: disattivando i cookies sia nome utente che password non saranno pi\u00f9 memorizzati sul box di login del sito.<\/p>\n<p><strong>Firefox:<\/strong><br \/>\n1.\u00a0\u00a0 \u00a0Apri Firefox<br \/>\n2.\u00a0\u00a0 \u00a0Premi il pulsante \u201cAlt\u201d sulla tastiera.<br \/>\n3.\u00a0\u00a0 \u00a0Nella barra degli strumenti situata nella parte superiore del browser, seleziona \u201cStrumenti\u201d e successivamente \u201cOpzioni\u201d.<br \/>\n4.\u00a0\u00a0 \u00a0Seleziona quindi la scheda \u201cPrivacy\u201d.<br \/>\n5.\u00a0\u00a0 \u00a0Vai su \u201cImpostazioni Cronologia:\u201d e successivamente su \u201cUtilizza impostazioni personalizzate\u201d . Deseleziona \u201cAccetta i cookie dai siti\u201d e salva le preferenze.<\/p>\n<p><strong>Internet Explorer:<\/strong><br \/>\n1.\u00a0\u00a0 \u00a0Apri Internet Explorer.<br \/>\n2.\u00a0\u00a0 \u00a0Clicca sul pulsante \u201cStrumenti\u201d e quindi su \u201cOpzioni Internet\u201d.<br \/>\n3.\u00a0\u00a0 \u00a0Seleziona la scheda \u201cPrivacy\u201d e sposta il dispositivo di scorrimento sul livello di privacy che desideri impostare (verso l\u2019alto per bloccare tutti i cookies o verso il basso per consentirli tutti).<br \/>\n4.\u00a0\u00a0 \u00a0Quindi clicca su OK.<\/p>\n<p><strong>Google Chrome:<\/strong><br \/>\n1.\u00a0\u00a0 \u00a0Apri Google Chrome.<br \/>\n2.\u00a0\u00a0 \u00a0Clicca sull&#8217;icona \u201cStrumenti\u201d.<br \/>\n3.\u00a0\u00a0 \u00a0Seleziona \u201cImpostazioni\u201d e successivamente \u201cImpostazioni avanzate\u201d.<br \/>\n4.\u00a0\u00a0 \u00a0Seleziona \u201cImpostazioni dei contenuti\u201d sotto la voce \u201cPrivacy\u201d.<br \/>\n5.\u00a0\u00a0 \u00a0Dalla scheda \u201cCookie e dati dei siti\u201d dove sar\u00e0 possibile cercare e cancellare specifici cookies.<br \/>\noppure<br \/>\n1.\u00a0\u00a0 \u00a0Digita chrome:\/\/settings\/cookies nella barra degli indirizzi e premi invio.<br \/>\n2.\u00a0\u00a0 \u00a0Accederai alla scheda \u201cCookie e dati dei siti\u201d dove sar\u00e0 possibile cercare e cancellare specifici cookies.<\/p>\n<p><strong>Safari:<\/strong><br \/>\n1.\u00a0\u00a0 \u00a0Apri Safari.<br \/>\n2.\u00a0\u00a0 \u00a0Scegli \u201cPreferenze\u201d nella barra degli strumenti, quindi seleziona il pannello \u201cSicurezza\u201d nella finestra di dialogo che segue.<br \/>\n3.\u00a0\u00a0 \u00a0Nella sezione \u201cAccetta cookie\u201d \u00e8 possibile specificare se e quando Safari deve salvare i cookies dai siti web. Per ulteriori informazioni clicca sul pulsante di Aiuto ( contrassegnato da un punto interrogativo).<br \/>\n4.\u00a0\u00a0 \u00a0Per maggiori informazioni sui cookies che vengono memorizzati sul vostro computer, clicca su \u201cMostra cookie\u201d.<\/p>\n","protected":false},"excerpt":{"rendered":"<p>Che cosa \u00e8 un cookie? Che cosa \u00e8 un cookie? Un cookie \u00e8 un piccolo file di testo che viene memorizzato dal computer nel momento in cui un sito web viene visitato da un utente. Il testo memorizza informazioni che il sito \u00e8 in grado di leggere nel momento in cui viene consultato in un [&hellip;]<\/p>\n","protected":false},"author":5,"featured_media":812,"parent":0,"menu_order":0,"comment_status":"closed","ping_status":"closed","template":"","meta":{"footnotes":""},"class_list":["post-1937","page","type-page","status-publish","has-post-thumbnail","hentry"],"_links":{"self":[{"href":"https:\/\/www.cantarini-mec.it\/divisione-edilizia\/wp-json\/wp\/v2\/pages\/1937","targetHints":{"allow":["GET"]}}],"collection":[{"href":"https:\/\/www.cantarini-mec.it\/divisione-edilizia\/wp-json\/wp\/v2\/pages"}],"about":[{"href":"https:\/\/www.cantarini-mec.it\/divisione-edilizia\/wp-json\/wp\/v2\/types\/page"}],"author":[{"embeddable":true,"href":"https:\/\/www.cantarini-mec.it\/divisione-edilizia\/wp-json\/wp\/v2\/users\/5"}],"replies":[{"embeddable":true,"href":"https:\/\/www.cantarini-mec.it\/divisione-edilizia\/wp-json\/wp\/v2\/comments?post=1937"}],"version-history":[{"count":1,"href":"https:\/\/www.cantarini-mec.it\/divisione-edilizia\/wp-json\/wp\/v2\/pages\/1937\/revisions"}],"predecessor-version":[{"id":1938,"href":"https:\/\/www.cantarini-mec.it\/divisione-edilizia\/wp-json\/wp\/v2\/pages\/1937\/revisions\/1938"}],"wp:featuredmedia":[{"embeddable":true,"href":"https:\/\/www.cantarini-mec.it\/divisione-edilizia\/wp-json\/wp\/v2\/media\/812"}],"wp:attachment":[{"href":"https:\/\/www.cantarini-mec.it\/divisione-edilizia\/wp-json\/wp\/v2\/media?parent=1937"}],"curies":[{"name":"wp","href":"https:\/\/api.w.org\/{rel}","templated":true}]}}